Last updated on 2025-07-24 03:50:16 CEST.
Flavor | Version | Tinstall | Tcheck | Ttotal | Status | Flags |
---|---|---|---|---|---|---|
r-devel-linux-x86_64-debian-clang | 1.3.5 | 14.13 | 130.15 | 144.28 | NOTE | |
r-devel-linux-x86_64-debian-gcc | 1.3.5 | 9.18 | 92.42 | 101.60 | NOTE | |
r-devel-linux-x86_64-fedora-clang | 1.3.5 | 215.99 | NOTE | |||
r-devel-linux-x86_64-fedora-gcc | 1.3.5 | 209.46 | NOTE | |||
r-devel-windows-x86_64 | 1.3.5 | 16.00 | 140.00 | 156.00 | NOTE | |
r-patched-linux-x86_64 | 1.3.5 | 13.48 | 121.26 | 134.74 | NOTE | |
r-release-linux-x86_64 | 1.3.5 | 11.54 | 119.08 | 130.62 | NOTE | |
r-release-macos-arm64 | 1.3.5 | 58.00 | NOTE | |||
r-release-macos-x86_64 | 1.3.5 | 109.00 | NOTE | |||
r-release-windows-x86_64 | 1.3.5 | 16.00 | 139.00 | 155.00 | NOTE | |
r-oldrel-macos-arm64 | 1.3.5 | 60.00 | NOTE | |||
r-oldrel-macos-x86_64 | 1.3.5 | 97.00 | NOTE | |||
r-oldrel-windows-x86_64 | 1.3.5 | 20.00 | 172.00 | 192.00 | NOTE |
Version: 1.3.5
Check: package subdirectories
Result: NOTE
Problems with news in ‘NEWS.md’:
No news entries found.
Flavors: r-devel-linux-x86_64-debian-clang, r-devel-linux-x86_64-debian-gcc, r-devel-linux-x86_64-fedora-clang, r-devel-linux-x86_64-fedora-gcc, r-devel-windows-x86_64, r-patched-linux-x86_64, r-release-linux-x86_64, r-release-macos-arm64, r-release-macos-x86_64, r-release-windows-x86_64, r-oldrel-macos-arm64, r-oldrel-macos-x86_64, r-oldrel-windows-x86_64
Version: 1.3.5
Check: dependencies in R code
Result: NOTE
Namespace in Imports field not imported from: ‘methods’
All declared Imports should be used.
Flavors: r-devel-linux-x86_64-fedora-clang, r-devel-linux-x86_64-fedora-gcc
Version: 1.3.5
Check: LazyData
Result: NOTE
'LazyData' is specified without a 'data' directory
Flavors: r-oldrel-macos-arm64, r-oldrel-macos-x86_64, r-oldrel-windows-x86_64