Last updated on 2025-05-06 03:51:20 CEST.
Flavor | Version | Tinstall | Tcheck | Ttotal | Status | Flags |
---|---|---|---|---|---|---|
r-devel-linux-x86_64-debian-clang | 1.6.5 | 107.89 | 107.83 | 215.72 | NOTE | |
r-devel-linux-x86_64-debian-gcc | 1.6.5 | 83.59 | 88.34 | 171.93 | NOTE | |
r-devel-linux-x86_64-fedora-clang | 1.6.5 | 363.16 | NOTE | |||
r-devel-linux-x86_64-fedora-gcc | 1.6.5 | 383.62 | NOTE | |||
r-devel-windows-x86_64 | 1.6.5 | 150.00 | 150.00 | 300.00 | NOTE | |
r-patched-linux-x86_64 | 1.6.5 | 117.55 | 102.71 | 220.26 | NOTE | |
r-release-linux-x86_64 | 1.6.5 | 114.94 | 101.59 | 216.53 | NOTE | |
r-release-macos-arm64 | 1.6.5 | 139.00 | NOTE | |||
r-release-macos-x86_64 | 1.6.5 | 140.00 | NOTE | |||
r-release-windows-x86_64 | 1.6.5 | 154.00 | 148.00 | 302.00 | NOTE | |
r-oldrel-macos-arm64 | 1.6.5 | 95.00 | NOTE | |||
r-oldrel-macos-x86_64 | 1.6.5 | 107.00 | NOTE | |||
r-oldrel-windows-x86_64 | 1.6.5 | 172.00 | 174.00 | 346.00 | OK |
Version: 1.6.5
Check: compiled code
Result: NOTE
File ‘vroom/libs/vroom.so’:
Found non-API calls to R: ‘DATAPTR’, ‘SETLENGTH’, ‘SET_TRUELENGTH’,
‘STDVEC_DATAPTR’
Compiled code should not call non-API entry points in R.
See ‘Writing portable packages’ in the ‘Writing R Extensions’ manual,
and section ‘Moving into C API compliance’ for issues with the use of
non-API entry points.
Flavors: r-devel-linux-x86_64-debian-clang, r-devel-linux-x86_64-debian-gcc, r-devel-linux-x86_64-fedora-clang, r-devel-linux-x86_64-fedora-gcc, r-patched-linux-x86_64, r-release-linux-x86_64, r-release-macos-arm64, r-release-macos-x86_64
Version: 1.6.5
Check: compiled code
Result: NOTE
File 'vroom/libs/x64/vroom.dll':
Found non-API calls to R: 'DATAPTR', 'SETLENGTH', 'SET_TRUELENGTH',
'STDVEC_DATAPTR'
Compiled code should not call non-API entry points in R.
See 'Writing portable packages' in the 'Writing R Extensions' manual,
and section 'Moving into C API compliance' for issues with the use of
non-API entry points.
Flavors: r-devel-windows-x86_64, r-release-windows-x86_64
Version: 1.6.5
Check: installed package size
Result: NOTE
installed size is 9.9Mb
sub-directories of 1Mb or more:
libs 8.4Mb
Flavors: r-oldrel-macos-arm64, r-oldrel-macos-x86_64