Last updated on 2025-05-06 03:51:20 CEST.
Flavor | Version | Tinstall | Tcheck | Ttotal | Status | Flags |
---|---|---|---|---|---|---|
r-devel-linux-x86_64-debian-clang | 1.0.2 | 10.00 | 86.32 | 96.32 | NOTE | |
r-devel-linux-x86_64-debian-gcc | 1.0.2 | 6.39 | 62.44 | 68.83 | NOTE | |
r-devel-linux-x86_64-fedora-clang | 1.0.2 | 147.47 | OK | |||
r-devel-linux-x86_64-fedora-gcc | 1.0.2 | 136.40 | OK | |||
r-devel-windows-x86_64 | 1.0.2 | 10.00 | 95.00 | 105.00 | NOTE | |
r-patched-linux-x86_64 | 1.0.2 | 8.83 | 80.86 | 89.69 | NOTE | |
r-release-linux-x86_64 | 1.0.2 | 8.77 | 80.67 | 89.44 | NOTE | |
r-release-macos-arm64 | 1.0.2 | 39.00 | OK | |||
r-release-macos-x86_64 | 1.0.2 | 81.00 | OK | |||
r-release-windows-x86_64 | 1.0.2 | 12.00 | 94.00 | 106.00 | NOTE | |
r-oldrel-macos-arm64 | 1.0.2 | 37.00 | OK | |||
r-oldrel-macos-x86_64 | 1.0.2 | 63.00 | OK | |||
r-oldrel-windows-x86_64 | 1.0.2 | 14.00 | 116.00 | 130.00 | OK |
Version: 1.0.2
Check: CRAN incoming feasibility
Result: NOTE
Maintainer: ‘Sarah Rathwell <srathwel@ualberta.ca>’
The BugReports field in DESCRIPTION has
https://github.com/sarah-0k/wcep
which should likely be
https://github.com/sarah-0k/wcep/issues
instead.
Flavors: r-devel-linux-x86_64-debian-clang, r-devel-linux-x86_64-debian-gcc
Version: 1.0.2
Check: Rd cross-references
Result: NOTE
Found the following Rd file(s) with Rd \link{} targets missing package
anchors:
wcep.Rd: coxph
Please provide package anchors for all Rd \link{} targets not in the
package itself and the base packages.
Flavors: r-devel-linux-x86_64-debian-clang, r-devel-linux-x86_64-debian-gcc, r-devel-windows-x86_64, r-patched-linux-x86_64, r-release-linux-x86_64, r-release-windows-x86_64