Last updated on 2025-05-07 03:51:18 CEST.
Flavor | Version | Tinstall | Tcheck | Ttotal | Status | Flags |
---|---|---|---|---|---|---|
r-devel-linux-x86_64-debian-clang | 1.0 | 4.46 | 38.17 | 42.63 | OK | |
r-devel-linux-x86_64-debian-gcc | 1.0 | 2.56 | 29.25 | 31.81 | OK | |
r-devel-linux-x86_64-fedora-clang | 1.0 | 67.46 | NOTE | |||
r-devel-linux-x86_64-fedora-gcc | 1.0 | 76.25 | NOTE | |||
r-devel-windows-x86_64 | 1.0 | 6.00 | 55.00 | 61.00 | OK | |
r-patched-linux-x86_64 | 1.0 | 2.83 | 36.62 | 39.45 | OK | |
r-release-linux-x86_64 | 1.0 | 3.46 | 36.29 | 39.75 | OK | |
r-release-macos-arm64 | 1.0 | 28.00 | OK | |||
r-release-macos-x86_64 | 1.0 | 48.00 | OK | |||
r-release-windows-x86_64 | 1.0 | 6.00 | 55.00 | 61.00 | OK | |
r-oldrel-macos-arm64 | 1.0 | 27.00 | OK | |||
r-oldrel-macos-x86_64 | 1.0 | 42.00 | OK | |||
r-oldrel-windows-x86_64 | 1.0 | 7.00 | 63.00 | 70.00 | OK |
Version: 1.0
Check: dependencies in R code
Result: NOTE
Namespace in Imports field not imported from: ‘survival’
All declared Imports should be used.
Flavors: r-devel-linux-x86_64-fedora-clang, r-devel-linux-x86_64-fedora-gcc