Last updated on 2025-05-03 03:52:15 CEST.
Flavor | Version | Tinstall | Tcheck | Ttotal | Status | Flags |
---|---|---|---|---|---|---|
r-devel-linux-x86_64-debian-clang | 0.5 | 7.11 | 53.52 | 60.63 | NOTE | |
r-devel-linux-x86_64-debian-gcc | 0.5 | 5.37 | 37.23 | 42.60 | NOTE | |
r-devel-linux-x86_64-fedora-clang | 0.5 | 86.53 | NOTE | |||
r-devel-linux-x86_64-fedora-gcc | 0.5 | 81.91 | NOTE | |||
r-devel-windows-x86_64 | 0.5 | 13.00 | 83.00 | 96.00 | OK | |
r-patched-linux-x86_64 | 0.5 | 7.57 | 50.35 | 57.92 | OK | |
r-release-linux-x86_64 | OK | |||||
r-release-macos-arm64 | 0.5 | 32.00 | OK | |||
r-release-macos-x86_64 | 0.5 | 55.00 | OK | |||
r-release-windows-x86_64 | 0.5 | 12.00 | 70.00 | 82.00 | OK | |
r-oldrel-macos-arm64 | 0.5 | 31.00 | OK | |||
r-oldrel-macos-x86_64 | 0.5 | 47.00 | OK | |||
r-oldrel-windows-x86_64 | 0.5 | 14.00 | 82.00 | 96.00 | OK |
Version: 0.5
Check: CRAN incoming feasibility
Result: NOTE
Maintainer: ‘Aristidis K. Nikoloulopoulos <a.nikoloulopoulos@uea.ac.uk>’
The Description field contains
Nikoloulopoulos (2022) <arXiv:2203.04619>. It provides autoregressive
Please refer to arXiv e-prints via their arXiv DOI <doi:10.48550/arXiv.YYMM.NNNNN>.
Flavors: r-devel-linux-x86_64-debian-clang, r-devel-linux-x86_64-debian-gcc
Version: 0.5
Check: compiled code
Result: NOTE
File ‘weightedCL/libs/weightedCL.so’:
Found no calls to: ‘R_registerRoutines’, ‘R_useDynamicSymbols’
It is good practice to register native routines and to disable symbol
search.
See ‘Writing portable packages’ in the ‘Writing R Extensions’ manual.
Flavors: r-devel-linux-x86_64-fedora-clang, r-devel-linux-x86_64-fedora-gcc