Last updated on 2025-05-04 03:51:10 CEST.
Flavor | Version | Tinstall | Tcheck | Ttotal | Status | Flags |
---|---|---|---|---|---|---|
r-devel-linux-x86_64-debian-clang | 1.2.10 | 4.98 | 51.61 | 56.59 | NOTE | |
r-devel-linux-x86_64-debian-gcc | 1.2.10 | 3.74 | 39.02 | 42.76 | NOTE | |
r-devel-linux-x86_64-fedora-clang | 1.2.10 | 85.33 | NOTE | |||
r-devel-linux-x86_64-fedora-gcc | 1.2.10 | 87.03 | NOTE | |||
r-devel-windows-x86_64 | 1.2.10 | 6.00 | 75.00 | 81.00 | NOTE | |
r-patched-linux-x86_64 | 1.2.10 | 5.98 | 49.04 | 55.02 | NOTE | |
r-release-linux-x86_64 | NOTE | |||||
r-release-macos-arm64 | 1.2.10 | 29.00 | NOTE | |||
r-release-macos-x86_64 | 1.2.10 | 52.00 | NOTE | |||
r-release-windows-x86_64 | 1.2.10 | 7.00 | 74.00 | 81.00 | NOTE | |
r-oldrel-macos-arm64 | 1.2.10 | 28.00 | NOTE | |||
r-oldrel-macos-x86_64 | 1.2.10 | 42.00 | NOTE | |||
r-oldrel-windows-x86_64 | 1.2.10 | 9.00 | 85.00 | 94.00 | NOTE |
Version: 1.2.10
Check: Rd files
Result: NOTE
checkRd: (-1) secondDerivative.Rd:14: Lost braces
14 | This must be a function of the form FUN <- function(x, ...){...}
| ^
checkRd: (-1) windAC.Rd:31: Lost braces in \itemize; meant \describe ?
checkRd: (-1) windAC.Rd:32: Lost braces in \itemize; meant \describe ?
checkRd: (-1) windAC.Rd:33: Lost braces in \itemize; meant \describe ?
Flavors: r-devel-linux-x86_64-debian-clang, r-devel-linux-x86_64-debian-gcc, r-devel-linux-x86_64-fedora-clang, r-devel-linux-x86_64-fedora-gcc, r-devel-windows-x86_64, r-patched-linux-x86_64, r-release-linux-x86_64, r-release-macos-arm64, r-release-macos-x86_64, r-release-windows-x86_64, r-oldrel-macos-arm64, r-oldrel-macos-x86_64, r-oldrel-windows-x86_64