Last updated on 2025-05-07 03:51:18 CEST.
Flavor | Version | Tinstall | Tcheck | Ttotal | Status | Flags |
---|---|---|---|---|---|---|
r-devel-linux-x86_64-debian-clang | 0.3.3 | 9.41 | 87.50 | 96.91 | NOTE | |
r-devel-linux-x86_64-debian-gcc | 0.3.3 | 6.46 | 58.14 | 64.60 | NOTE | |
r-devel-linux-x86_64-fedora-clang | 0.3.3 | 153.65 | OK | |||
r-devel-linux-x86_64-fedora-gcc | 0.3.3 | 146.05 | OK | |||
r-devel-windows-x86_64 | 0.3.3 | 10.00 | 107.00 | 117.00 | NOTE | |
r-patched-linux-x86_64 | 0.3.3 | 10.75 | 81.59 | 92.34 | NOTE | |
r-release-linux-x86_64 | 0.3.3 | 9.06 | 82.83 | 91.89 | NOTE | |
r-release-macos-arm64 | 0.3.3 | 42.00 | OK | |||
r-release-macos-x86_64 | 0.3.3 | 99.00 | OK | |||
r-release-windows-x86_64 | 0.3.3 | 11.00 | 105.00 | 116.00 | NOTE | |
r-oldrel-macos-arm64 | 0.3.3 | 40.00 | OK | |||
r-oldrel-macos-x86_64 | 0.3.3 | 73.00 | OK | |||
r-oldrel-windows-x86_64 | 0.3.3 | 14.00 | 126.00 | 140.00 | OK |
Version: 0.3.3
Check: Rd cross-references
Result: NOTE
Found the following Rd file(s) with Rd \link{} targets missing package
anchors:
plotComb.Rd: hdi
plot_Bwiqid.Rd: postPlot
Please provide package anchors for all Rd \link{} targets not in the
package itself and the base packages.
Flavors: r-devel-linux-x86_64-debian-clang, r-devel-linux-x86_64-debian-gcc, r-devel-windows-x86_64, r-patched-linux-x86_64, r-release-linux-x86_64, r-release-windows-x86_64