Last updated on 2025-10-30 02:49:16 CET.
| Flavor | Version | Tinstall | Tcheck | Ttotal | Status | Flags | 
|---|---|---|---|---|---|---|
| r-devel-linux-x86_64-debian-clang | 1.1-1 | 1.76 | 46.75 | 48.51 | NOTE | |
| r-devel-linux-x86_64-debian-gcc | 1.1-1 | 1.44 | 36.18 | 37.62 | NOTE | |
| r-devel-linux-x86_64-fedora-clang | 1.1-1 | 62.06 | OK | |||
| r-devel-linux-x86_64-fedora-gcc | 1.1-1 | 58.01 | OK | |||
| r-devel-windows-x86_64 | 1.1-1 | 5.00 | 60.00 | 65.00 | OK | |
| r-patched-linux-x86_64 | 1.1-1 | 1.79 | 42.71 | 44.50 | OK | |
| r-release-linux-x86_64 | 1.1-1 | 1.80 | 42.55 | 44.35 | OK | |
| r-release-macos-arm64 | 1.1-1 | 1.00 | 25.00 | 26.00 | OK | |
| r-release-macos-x86_64 | 1.1-1 | 1.00 | 40.00 | 41.00 | OK | |
| r-release-windows-x86_64 | 1.1-1 | 9.00 | 63.00 | 72.00 | OK | |
| r-oldrel-macos-arm64 | 1.1-1 | 1.00 | 33.00 | 34.00 | NOTE | |
| r-oldrel-macos-x86_64 | 1.1-1 | 2.00 | 45.00 | 47.00 | NOTE | |
| r-oldrel-windows-x86_64 | 1.1-1 | 8.00 | 70.00 | 78.00 | NOTE | 
Version: 1.1-1
Check: CRAN incoming feasibility
Result: NOTE
  Maintainer: ‘Hana Sevcikova <hanas@uw.edu>’
  
  No Authors@R field in DESCRIPTION.
  Please add one, modifying
    Authors@R: c(person(given = c("United", "Nations", "Population"),
                        family = "Division",
                        role = "aut"),
                 person(given = "Hana",
                        family = "Sevcikova",
                        role = "cre",
                        email = "hanas@uw.edu"))
  as necessary.
Flavors: r-devel-linux-x86_64-debian-clang, r-devel-linux-x86_64-debian-gcc
Version: 1.1-1
Check: installed package size
Result: NOTE
    installed size is 11.4Mb
    sub-directories of 1Mb or more:
      data  11.3Mb
Flavors: r-oldrel-macos-arm64, r-oldrel-macos-x86_64, r-oldrel-windows-x86_64