CRAN Package Check Results for Package xergm.common

Last updated on 2025-05-04 03:51:10 CEST.

Flavor Version Tinstall Tcheck Ttotal Status Flags
r-devel-linux-x86_64-debian-clang 1.7.8 6.11 49.29 55.40 NOTE
r-devel-linux-x86_64-debian-gcc 1.7.8 4.64 35.62 40.26 NOTE
r-devel-linux-x86_64-fedora-clang 1.7.8 85.92 NOTE
r-devel-linux-x86_64-fedora-gcc 1.7.8 79.92 NOTE
r-devel-windows-x86_64 1.7.8 9.00 78.00 87.00 NOTE
r-patched-linux-x86_64 1.7.8 5.74 47.20 52.94 NOTE
r-release-linux-x86_64 NOTE
r-release-macos-arm64 1.7.8 33.00 NOTE
r-release-macos-x86_64 1.7.8 52.00 NOTE
r-release-windows-x86_64 1.7.8 9.00 64.00 73.00 NOTE
r-oldrel-macos-arm64 1.7.8 41.00 NOTE
r-oldrel-macos-x86_64 1.7.8 58.00 NOTE
r-oldrel-windows-x86_64 1.7.8 10.00 82.00 92.00 NOTE

Check Details

Version: 1.7.8
Check: CRAN incoming feasibility
Result: NOTE Maintainer: ‘Philip Leifeld <philip.leifeld@essex.ac.uk>’ Package CITATION file contains call(s) to old-style personList() or as.personList(). Please use c() on person objects instead. Package CITATION file contains call(s) to old-style citEntry(). Please use bibentry() instead. Found the following URLs which should use \doi (with the DOI name only): File ‘chemnet.Rd’: http://dx.doi.org/10.1111/j.1540-5907.2011.00580.x http://dx.doi.org/10.1007%2F978-3-531-91883-9_6 File ‘knecht.Rd’: http://dx.doi.org/10.1111/j.1467-9507.2009.00564.x http://dx.doi.org/10.1016/j.socnet.2009.02.004 Flavors: r-devel-linux-x86_64-debian-clang, r-devel-linux-x86_64-debian-gcc

Version: 1.7.8
Check: Rd files
Result: NOTE checkRd: (-1) chemnet.Rd:111: Lost braces in \itemize; meant \describe ? checkRd: (-1) chemnet.Rd:112: Lost braces in \itemize; meant \describe ? checkRd: (-1) knecht.Rd:103: Lost braces in \itemize; meant \describe ? checkRd: (-1) knecht.Rd:104: Lost braces in \itemize; meant \describe ? checkRd: (-1) knecht.Rd:105: Lost braces in \itemize; meant \describe ? Flavors: r-devel-linux-x86_64-debian-clang, r-devel-linux-x86_64-debian-gcc, r-devel-linux-x86_64-fedora-clang, r-devel-linux-x86_64-fedora-gcc, r-devel-windows-x86_64, r-patched-linux-x86_64, r-release-linux-x86_64, r-release-macos-arm64, r-release-macos-x86_64, r-release-windows-x86_64, r-oldrel-macos-arm64, r-oldrel-macos-x86_64, r-oldrel-windows-x86_64