Last updated on 2025-07-25 03:51:40 CEST.
Flavor | Version | Tinstall | Tcheck | Ttotal | Status | Flags |
---|---|---|---|---|---|---|
r-devel-linux-x86_64-debian-clang | 0.0.6 | 7.11 | 73.14 | 80.25 | NOTE | |
r-devel-linux-x86_64-debian-gcc | 0.0.6 | 4.84 | 53.97 | 58.81 | NOTE | |
r-devel-linux-x86_64-fedora-clang | 0.0.6 | 122.74 | OK | |||
r-devel-linux-x86_64-fedora-gcc | 0.0.6 | 131.33 | OK | |||
r-devel-windows-x86_64 | 0.0.6 | 10.00 | 103.00 | 113.00 | OK | |
r-patched-linux-x86_64 | 0.0.6 | 6.13 | 68.49 | 74.62 | OK | |
r-release-linux-x86_64 | 0.0.6 | 6.36 | 68.14 | 74.50 | OK | |
r-release-macos-arm64 | 0.0.6 | 50.00 | OK | |||
r-release-macos-x86_64 | 0.0.6 | 110.00 | OK | |||
r-release-windows-x86_64 | 0.0.6 | 9.00 | 110.00 | 119.00 | OK | |
r-oldrel-macos-arm64 | 0.0.6 | 53.00 | OK | |||
r-oldrel-macos-x86_64 | 0.0.6 | 70.00 | OK | |||
r-oldrel-windows-x86_64 | 0.0.6 | 11.00 | 122.00 | 133.00 | OK |
Version: 0.0.6
Check: CRAN incoming feasibility
Result: NOTE
Maintainer: ‘Emilio Torres-Manzanera <torres@uniovi.es>’
No Authors@R field in DESCRIPTION.
Please add one, modifying
Authors@R: person(given = "Emilio",
family = "Torres-Manzanera",
role = c("aut", "cre"),
email = "torres@uniovi.es")
as necessary.
Flavors: r-devel-linux-x86_64-debian-clang, r-devel-linux-x86_64-debian-gcc