Last updated on 2025-11-01 03:50:09 CET.
| Flavor | Version | Tinstall | Tcheck | Ttotal | Status | Flags |
|---|---|---|---|---|---|---|
| r-devel-linux-x86_64-debian-clang | 1.1.0 | 2.84 | 44.78 | 47.62 | OK | |
| r-devel-linux-x86_64-debian-gcc | 1.1.0 | 2.61 | 33.16 | 35.77 | OK | |
| r-devel-linux-x86_64-fedora-clang | 1.1.0 | 21.00 | 57.09 | 78.09 | OK | |
| r-devel-linux-x86_64-fedora-gcc | 1.1.0 | 25.00 | 68.09 | 93.09 | OK | |
| r-devel-windows-x86_64 | 1.0.0 | 6.00 | 65.00 | 71.00 | OK | |
| r-patched-linux-x86_64 | 1.0.0 | 3.98 | 41.13 | 45.11 | OK | |
| r-release-linux-x86_64 | 1.0.0 | 3.04 | 41.05 | 44.09 | OK | |
| r-release-macos-arm64 | 1.1.0 | 1.00 | 31.00 | 32.00 | OK | |
| r-release-macos-x86_64 | 1.1.0 | 2.00 | 58.00 | 60.00 | OK | |
| r-release-windows-x86_64 | 1.1.0 | 3.00 | 64.00 | 67.00 | OK | |
| r-oldrel-macos-arm64 | 1.1.0 | 2.00 | 38.00 | 40.00 | OK | |
| r-oldrel-macos-x86_64 | 1.1.0 | 3.00 | 68.00 | 71.00 | OK | |
| r-oldrel-windows-x86_64 | 1.1.0 | 4.00 | 66.00 | 70.00 | ERROR |
Version: 1.1.0
Check: re-building of vignette outputs
Result: ERROR
Error(s) in re-building vignettes:
--- re-building 'z22.Rmd' using rmarkdown
File man/figures/vignette/unnamed-chunk-5-1.png not found in resource path
Error: processing vignette 'z22.Rmd' failed with diagnostics:
pandoc document conversion failed with error 99
--- failed re-building 'z22.Rmd'
SUMMARY: processing the following file failed:
'z22.Rmd'
Error: Vignette re-building failed.
Execution halted
Flavor: r-oldrel-windows-x86_64