Last updated on 2025-07-25 03:51:40 CEST.
Flavor | Version | Tinstall | Tcheck | Ttotal | Status | Flags |
---|---|---|---|---|---|---|
r-devel-linux-x86_64-debian-clang | 2.0.0 | 4.65 | 48.56 | 53.21 | NOTE | |
r-devel-linux-x86_64-debian-gcc | 2.0.0 | 3.45 | 36.40 | 39.85 | NOTE | |
r-devel-linux-x86_64-fedora-clang | 2.0.0 | 86.77 | NOTE | |||
r-devel-linux-x86_64-fedora-gcc | 2.0.0 | 93.27 | NOTE | |||
r-devel-windows-x86_64 | 2.0.0 | 6.00 | 82.00 | 88.00 | NOTE | |
r-patched-linux-x86_64 | 2.0.0 | 4.08 | 46.47 | 50.55 | NOTE | |
r-release-linux-x86_64 | 2.0.0 | 4.69 | 46.04 | 50.73 | NOTE | |
r-release-macos-arm64 | 2.0.0 | 43.00 | NOTE | |||
r-release-macos-x86_64 | 2.0.0 | 118.00 | NOTE | |||
r-release-windows-x86_64 | 2.0.0 | 6.00 | 70.00 | 76.00 | NOTE | |
r-oldrel-macos-arm64 | 2.0.0 | 49.00 | OK | |||
r-oldrel-macos-x86_64 | 2.0.0 | 66.00 | OK | |||
r-oldrel-windows-x86_64 | 2.0.0 | 7.00 | 81.00 | 88.00 | OK |
Version: 2.0.0
Check: DESCRIPTION meta-information
Result: NOTE
Missing dependency on R >= 4.1.0 because package code uses the pipe
|> or function shorthand \(...) syntax added in R 4.1.0.
File(s) using such syntax:
‘zcta.R’
Flavors: r-devel-linux-x86_64-debian-clang, r-devel-linux-x86_64-debian-gcc, r-devel-linux-x86_64-fedora-clang, r-devel-linux-x86_64-fedora-gcc, r-devel-windows-x86_64, r-patched-linux-x86_64, r-release-linux-x86_64, r-release-macos-arm64, r-release-macos-x86_64, r-release-windows-x86_64