Last updated on 2025-05-04 03:51:10 CEST.
Flavor | Version | Tinstall | Tcheck | Ttotal | Status | Flags |
---|---|---|---|---|---|---|
r-devel-linux-x86_64-debian-clang | 0.4 | 2.55 | 24.59 | 27.14 | NOTE | |
r-devel-linux-x86_64-debian-gcc | 0.4 | 1.74 | 19.68 | 21.42 | NOTE | |
r-devel-linux-x86_64-fedora-clang | 0.4 | 41.87 | NOTE | |||
r-devel-linux-x86_64-fedora-gcc | 0.4 | 39.62 | NOTE | |||
r-devel-windows-x86_64 | 0.4 | 4.00 | 46.00 | 50.00 | NOTE | |
r-patched-linux-x86_64 | 0.4 | 2.47 | 23.60 | 26.07 | NOTE | |
r-release-linux-x86_64 | NOTE | |||||
r-release-macos-arm64 | 0.4 | 18.00 | NOTE | |||
r-release-macos-x86_64 | 0.4 | 28.00 | NOTE | |||
r-release-windows-x86_64 | 0.4 | 3.00 | 50.00 | 53.00 | NOTE | |
r-oldrel-macos-arm64 | 0.4 | 16.00 | NOTE | |||
r-oldrel-macos-x86_64 | 0.4 | 24.00 | NOTE | |||
r-oldrel-windows-x86_64 | 0.4 | 3.00 | 46.00 | 49.00 | NOTE |
Version: 0.4
Check: CRAN incoming feasibility
Result: NOTE
Maintainer: ‘Tanya Cashorali <tanyacash@gmail.com>’
No Authors@R field in DESCRIPTION.
Please add one, modifying
Authors@R: person(given = "Tanya",
family = "Cashorali",
role = c("aut", "cre"),
email = "tanyacash@gmail.com")
as necessary.
Flavors: r-devel-linux-x86_64-debian-clang, r-devel-linux-x86_64-debian-gcc
Version: 0.4
Check: DESCRIPTION meta-information
Result: NOTE
Malformed Description field: should contain one or more complete sentences.
Flavors: r-devel-linux-x86_64-debian-clang, r-devel-linux-x86_64-debian-gcc, r-devel-linux-x86_64-fedora-clang, r-devel-linux-x86_64-fedora-gcc, r-devel-windows-x86_64, r-patched-linux-x86_64, r-release-linux-x86_64, r-release-macos-arm64, r-release-macos-x86_64, r-release-windows-x86_64, r-oldrel-macos-arm64, r-oldrel-macos-x86_64, r-oldrel-windows-x86_64