Last updated on 2025-07-04 03:50:43 CEST.
Flavor | Version | Tinstall | Tcheck | Ttotal | Status | Flags |
---|---|---|---|---|---|---|
r-devel-linux-x86_64-debian-clang | 0.1.1 | 1.61 | 21.92 | 23.53 | OK | |
r-devel-linux-x86_64-debian-gcc | 0.1.1 | 1.29 | 18.19 | 19.48 | OK | |
r-devel-linux-x86_64-fedora-clang | 0.1.1 | 35.89 | OK | |||
r-devel-linux-x86_64-fedora-gcc | 0.1.1 | 47.13 | OK | |||
r-devel-windows-x86_64 | 0.1.1 | 4.00 | 43.00 | 47.00 | OK | |
r-patched-linux-x86_64 | 0.1.1 | 1.52 | 19.82 | 21.34 | OK | |
r-release-linux-x86_64 | 0.1.1 | 1.41 | 19.61 | 21.02 | OK | |
r-release-macos-arm64 | 0.1.1 | 31.00 | OK | |||
r-release-macos-x86_64 | 0.1.1 | 39.00 | OK | |||
r-release-windows-x86_64 | 0.1.1 | 3.00 | 42.00 | 45.00 | OK | |
r-oldrel-macos-arm64 | 0.1.1 | 21.00 | NOTE | |||
r-oldrel-macos-x86_64 | 0.1.1 | 34.00 | NOTE | |||
r-oldrel-windows-x86_64 | 0.1.1 | 2.00 | 47.00 | 49.00 | NOTE |
Version: 0.1.1
Check: LazyData
Result: NOTE
'LazyData' is specified without a 'data' directory
Flavors: r-oldrel-macos-arm64, r-oldrel-macos-x86_64, r-oldrel-windows-x86_64