Last updated on 2025-05-07 03:51:19 CEST.
Flavor | Version | Tinstall | Tcheck | Ttotal | Status | Flags |
---|---|---|---|---|---|---|
r-devel-linux-x86_64-debian-clang | 0.3.1 | 4.18 | 59.09 | 63.27 | NOTE | |
r-devel-linux-x86_64-debian-gcc | 0.3.1 | 2.70 | 43.71 | 46.41 | NOTE | |
r-devel-linux-x86_64-fedora-clang | 0.3.1 | 97.63 | OK | |||
r-devel-linux-x86_64-fedora-gcc | 0.3.1 | 114.18 | OK | |||
r-devel-windows-x86_64 | 0.3.1 | 7.00 | 85.00 | 92.00 | OK | |
r-patched-linux-x86_64 | 0.3.1 | 4.29 | 55.70 | 59.99 | OK | |
r-release-linux-x86_64 | 0.3.1 | 3.78 | 56.21 | 59.99 | OK | |
r-release-macos-arm64 | 0.3.1 | 54.00 | OK | |||
r-release-macos-x86_64 | 0.3.1 | 78.00 | OK | |||
r-release-windows-x86_64 | 0.3.1 | 7.00 | 90.00 | 97.00 | OK | |
r-oldrel-macos-arm64 | 0.3.1 | 42.00 | OK | |||
r-oldrel-macos-x86_64 | 0.3.1 | 65.00 | OK | |||
r-oldrel-windows-x86_64 | 0.3.1 | 8.00 | 103.00 | 111.00 | OK |
Version: 0.3.1
Check: CRAN incoming feasibility
Result: NOTE
Maintainer: ‘Ernest Guevarra <ernestgmd@gmail.com>’
Found the following URLs which should use \doi (with the DOI name only):
File ‘anthro4.Rd’:
https://doi.org/10.1136/bmj.j3423
Flavors: r-devel-linux-x86_64-debian-clang, r-devel-linux-x86_64-debian-gcc