Last updated on 2025-10-31 02:50:47 CET.
| Flavor | Version | Tinstall | Tcheck | Ttotal | Status | Flags | 
|---|---|---|---|---|---|---|
| r-devel-linux-x86_64-debian-clang | 0.1.2 | 1.58 | 25.52 | 27.10 | NOTE | |
| r-devel-linux-x86_64-debian-gcc | 0.1.2 | 1.46 | 20.38 | 21.84 | NOTE | |
| r-devel-linux-x86_64-fedora-clang | 0.1.2 | 40.14 | OK | |||
| r-devel-linux-x86_64-fedora-gcc | 0.1.2 | 53.99 | OK | |||
| r-devel-windows-x86_64 | 0.1.2 | 4.00 | 46.00 | 50.00 | OK | |
| r-patched-linux-x86_64 | 0.1.2 | 2.14 | 24.23 | 26.37 | OK | |
| r-release-linux-x86_64 | 0.1.2 | 1.79 | 24.42 | 26.21 | OK | |
| r-release-macos-arm64 | 0.1.2 | 1.00 | 41.00 | 42.00 | OK | |
| r-release-macos-x86_64 | 0.1.2 | 2.00 | 66.00 | 68.00 | OK | |
| r-release-windows-x86_64 | 0.1.2 | 4.00 | 49.00 | 53.00 | OK | |
| r-oldrel-macos-arm64 | 0.1.2 | 1.00 | 28.00 | 29.00 | OK | |
| r-oldrel-macos-x86_64 | 0.1.2 | 2.00 | 34.00 | 36.00 | OK | |
| r-oldrel-windows-x86_64 | 0.1.2 | 4.00 | 55.00 | 59.00 | OK | 
Version: 0.1.2
Check: CRAN incoming feasibility
Result: NOTE
  Maintainer: ‘Frederik Kok Hansen <frederik_kok@icloud.com>’
  
  No Authors@R field in DESCRIPTION.
  Please add one, modifying
    Authors@R: person(given = c("Frederik", "Kok"),
                      family = "Hansen",
                      role = c("aut", "cre"),
                      email = "frederik_kok@icloud.com")
  as necessary.
Flavors: r-devel-linux-x86_64-debian-clang, r-devel-linux-x86_64-debian-gcc